 prime factors of 78067669.
37, 137, 15401
What are the prime factors of 112819024?
2, 7051189
List the prime factors of 4746937512.
2, 3, 59, 587, 5711
List the prime factors of 155779274.
2, 7, 11127091
List the prime factors of 1624898908.
2, 101, 4022027
List the prime factors of 207597995.
5, 11, 3774509
What are the prime factors of 606944339?
107, 5672377
List the prime factors of 1127232442.
2, 7, 127, 223, 2843
List the prime factors of 619930800.
2, 3, 5, 61, 941
List the prime factors of 1127278054.
2, 7, 80519861
List the prime factors of 49437807.
3, 16479269
List the prime factors of 10271557.
179, 57383
What are the prime factors of 124166693?
7, 97, 182867
List the prime factors of 886842132.
2, 3, 11, 157, 42793
What are the prime factors of 25303815?
3, 5, 562307
List the prime factors of 23768769.
3, 7922923
List the prime factors of 2993620776.
2, 3, 251, 496949
List the prime factors of 6007232806.
2, 3003616403
What are the prime factors of 34712575?
5, 179, 7757
What are the prime factors of 379806063?
3, 7, 13, 281, 4951
What are the prime factors of 727830523?
7, 127, 818707
List the prime factors of 2431781273.
4793, 507361
What are the prime factors of 541349425?
5, 19, 1139683
List the prime factors of 5135615757.
3, 190207991
List the prime factors of 18459288.
2, 3, 449, 571
List the prime factors of 689291149.
631, 1092379
What are the prime factors of 3118089996?
2, 3, 7, 107, 197, 587
What are the prime factors of 1617334677?
3, 7, 23, 1116173
What are the prime factors of 84766160?
2, 5, 311, 3407
List the prime factors of 141972028.
2, 11, 19, 169823
List the prime factors of 58315766.
2, 157, 229, 811
What are the prime factors of 632155037?
107, 5907991
What are the prime factors of 1048126013?
11, 19, 5014957
What are the prime factors of 3320586559?
131, 421, 60209
List the prime factors of 38286660.
2, 3, 5, 113, 5647
What are the prime factors of 546041150?
2, 5, 10920823
What are the prime factors of 68516114?
2, 43, 796699
What are the prime factors of 35401003?
11, 59, 54547
List the prime factors of 2509808427.
3, 7, 39838229
What are the prime factors of 9198803?
73, 126011
What are the prime factors of 198594105?
3, 5, 181, 193, 379
What are the prime factors of 43287614?
2, 307, 70501
What are the prime factors of 12442530?
2, 3, 5, 19, 83, 263
List the prime factors of 65854174.
2, 32927087
What are the prime factors of 12268570?
2, 5, 1226857
What are the prime factors of 75197273?
17, 191, 23159
List the prime factors of 2036546843.
271, 1777, 4229
What are the prime factors of 5141492159?
5141492159
What are the prime factors of 2442471809?
2442471809
What are the prime factors of 130436594?
2, 109, 598333
What are the prime factors of 5394366396?
2, 3, 61, 191, 1429
What are the prime factors of 69908554?
2, 34954277
What are the prime factors of 239239907?
73, 809, 4051
What are the prime factors of 181709727?
3, 60569909
List the prime factors of 5560933.
7, 67, 71, 167
List the prime factors of 318783705.
3, 5, 21252247
What are the prime factors of 264791183?
3331, 79493
List the prime factors of 6216563793.
3, 11, 43, 1873, 2339
List the prime factors of 116581287.
3, 38860429
What are the prime factors of 26614314?
2, 3, 47, 163, 193
List the prime factors of 232183034.
2, 116091517
What are the prime factors of 1642012685?
5, 751, 437287
List the prime factors of 681845307.
3, 11, 13, 149, 10667
List the prime factors of 1231526106.
2, 3, 43, 176791
List the prime factors of 5279503604.
2, 2393, 551557
List the prime factors of 165874150.
2, 5, 13, 255191
What are the prime factors of 145369347?
3, 2879, 16831
List the prime factors of 106310746.
2, 811, 65543
List the prime factors of 3781890.
2, 3, 5, 7, 23, 29
List the prime factors of 99775438.
2, 7, 7126817
List the prime factors of 1974666356.
2, 13, 37974353
What are the prime factors of 505711532?
2, 107, 1087
List the prime factors of 2076589345.
5, 415317869
List the prime factors of 1198954939.
7, 13, 43, 61, 5023
What are the prime factors of 146148129?
3, 16238681
What are the prime factors of 2061626131?
2061626131
What are the prime factors of 32602240?
2, 5, 11, 421
List the prime factors of 496614767.
11, 45146797
What are the prime factors of 58401032?
2, 59, 123731
List the prime factors of 2455603973.
367, 6691019
What are the prime factors of 3118543099?
7, 18859, 23623
What are the prime factors of 20689483?
20689483
What are the prime factors of 205810568?
2, 17, 193, 7841
What are the prime factors of 331012287?
3, 17, 2163479
What are the prime factors of 214253758?
2, 107126879
List the prime factors of 21794231.
71, 89, 3449
List the prime factors of 176085099.
3, 17, 67699
List the prime factors of 105351870.
2, 3, 5, 13, 270133
List the prime factors of 125368527.
3, 41789509
What are the prime factors of 1238339198?
2, 43, 14399293
List the prime factors of 249855743.
359, 683, 1019
What are the prime factors of 1026425776?
2, 64151611
What are the prime factors of 1158982454?
2, 7, 82784461
What are the prime factors of 26513473?
7, 137, 27647
List the prime factors of 28514063.
28514063
List the prime factors of 1124155210.
2, 5, 112415521
What are the prime factors of 34548883?
34548883
List the prime factors of 29895877.
11, 17, 159871
List the prime factors of 3228118317.
3, 37, 43, 151, 1493
List the prime factors of 33154092.
2, 3, 920947
What are the prime factors of 28953899?
13, 2227223
What are the prime factors of 174968698?
2, 1163, 75223
List the prime factors of 180236617.
11, 3529, 4643
What are the prime factors of 148694258?
2, 43, 89, 19427
List the prime factors of 51854657.
51854657
List the prime factors of 56041259.
56041259
What are the prime factors of 45178395?
3, 5, 1361, 2213
List the prime factors of 627557575.
5, 25102303
List the prime factors of 66900156.
2, 3, 557, 10009
What are the prime factors of 392261206?
2, 283, 693041
What are the prime factors of 267273520?
2, 5, 3340919
List the prime factors of 1318328831.
1318328831
What are the prime factors of 819963675?
3, 5, 89, 13649
What are the prime factors of 78881566?
2, 29, 1360027
What are the prime factors of 105556306?
2, 52778153
What are the prime factors of 322418406?
2, 3, 53736401
What are the prime factors of 57191575?
5, 7, 46687
What are the prime factors of 4828723?
4828723
What are the prime factors of 1278393577?
15749, 81173
What are the prime factors of 5340033284?
2, 3761, 354961
What are the prime factors of 5243104435?
5, 19, 2904767
What are the prime factors of 47899478?
2, 11, 23, 181, 523
List the prime factors of 788373007.
1181, 667547
List the prime factors of 68328442.
2, 7, 13, 53633
What are the prime factors of 47006440?
2, 5, 13, 90397
List the prime factors of 1463973293.
1463973293
What are the prime factors of 58048902?
2, 3, 139, 23201
What are the prime factors of 202536978?
2, 3, 7, 4822309
List the prime factors of 386711550.
2, 3, 5, 286453
What are the prime factors of 13826867?
239, 57853
List the prime factors of 161487947.
17, 9499291
What are the prime factors of 5946462227?
823, 7225349
List the prime factors of 434876642.
2, 217438321
What are the prime factors of 82088657?
7, 11726951
What are the prime factors of 1120875605?
5, 353, 635057
List the prime factors of 52303622.
2, 7, 883, 4231
What are the prime factors of 5549483696?
2, 197, 937, 1879
List the prime factors of 224247642.
2, 3, 37374607
List the prime factors of 496976118.
2, 3, 67, 1236259
What are the prime factors of 3283796085?
3, 5, 218919739
What are the prime factors of 4906364201?
4906364201
List the prime factors of 21369649.
7, 547, 5581
What are the prime factors of 866671412?
2, 216667853
What are the prime factors of 206217776?
2, 12888611
List the prime factors of 188469297.
3, 103, 203311
List the prime factors of 4117413218.
2, 23, 89508983
List the prime factors of 77594962.
2, 23, 43, 39229
List the prime factors of 828818662.
2, 7, 23, 167, 15413
What are the prime factors of 1074569255?
5, 349, 615799
What are the prime factors of 153088518?
2, 3, 11, 211, 10993
What are the prime factors of 67900836?
2, 3, 5658403
What are the prime factors of 245980544?
2, 1921723
What are the pr